, 23
List the prime factors of 724.
2, 181
List the prime factors of 917.
7, 131
List the prime factors of 55029.
3, 13, 17, 83
What are the prime factors of 2648?
2, 331
What are the prime factors of 12366?
2, 3, 229
What are the prime factors of 128898?
2, 3, 7, 11, 31
List the prime factors of 31482.
2, 3, 11, 53
List the prime factors of 2470.
2, 5, 13, 19
List the prime factors of 3871.
7, 79
What are the prime factors of 3401?
19, 179
List the prime factors of 13812.
2, 3, 1151
List the prime factors of 4153.
4153
What are the prime factors of 52116?
2, 3, 43, 101
List the prime factors of 3667.
19, 193
What are the prime factors of 6683?
41, 163
What are the prime factors of 34559?
7, 4937
List the prime factors of 2387.
7, 11, 31
List the prime factors of 483.
3, 7, 23
List the prime factors of 3236.
2, 809
What are the prime factors of 491?
491
List the prime factors of 1508.
2, 13, 29
List the prime factors of 4324.
2, 23, 47
What are the prime factors of 43341?
3, 14447
What are the prime factors of 3099?
3, 1033
List the prime factors of 2083.
2083
What are the prime factors of 88381?
31, 2851
What are the prime factors of 11703?
3, 47, 83
What are the prime factors of 665?
5, 7, 19
List the prime factors of 1073.
29, 37
What are the prime factors of 3059?
7, 19, 23
What are the prime factors of 7758?
2, 3, 431
List the prime factors of 31435.
5, 6287
List the prime factors of 4992.
2, 3, 13
What are the prime factors of 11359?
37, 307
List the prime factors of 9940.
2, 5, 7, 71
What are the prime factors of 1246?
2, 7, 89
What are the prime factors of 19817?
7, 19, 149
What are the prime factors of 2004?
2, 3, 167
List the prime factors of 39552.
2, 3, 103
What are the prime factors of 8879?
13, 683
What are the prime factors of 3175?
5, 127
What are the prime factors of 693?
3, 7, 11
List the prime factors of 8542.
2, 4271
List the prime factors of 674.
2, 337
What are the prime factors of 1166?
2, 11, 53
What are the prime factors of 1734?
2, 3, 17
List the prime factors of 2711.
2711
What are the prime factors of 18306?
2, 3, 113
What are the prime factors of 431?
431
What are the prime factors of 1453?
1453
List the prime factors of 41151.
3, 11, 29, 43
List the prime factors of 29859.
3, 37, 269
What are the prime factors of 2705?
5, 541
What are the prime factors of 872?
2, 109
What are the prime factors of 13370?
2, 5, 7, 191
What are the prime factors of 68723?
19, 3617
What are the prime factors of 1953?
3, 7, 31
What are the prime factors of 10971?
3, 23, 53
List the prime factors of 1272.
2, 3, 53
List the prime factors of 25813.
83, 311
What are the prime factors of 290?
2, 5, 29
List the prime factors of 4030.
2, 5, 13, 31
What are the prime factors of 34022?
2, 17011
What are the prime factors of 18556?
2, 4639
List the prime factors of 68341.
7, 13, 751
List the prime factors of 61969.
31, 1999
What are the prime factors of 39388?
2, 43, 229
List the prime factors of 1500.
2, 3, 5
What are the prime factors of 2188?
2, 547
List the prime factors of 10509.
3, 31, 113
List the prime factors of 868.
2, 7, 31
What are the prime factors of 33648?
2, 3, 701
What are the prime factors of 2790?
2, 3, 5, 31
List the prime factors of 15325.
5, 613
What are the prime factors of 2290?
2, 5, 229
What are the prime factors of 11986?
2, 13, 461
List the prime factors of 2331.
3, 7, 37
List the prime factors of 2818.
2, 1409
What are the prime factors of 20440?
2, 5, 7, 73
What are the prime factors of 78879?
3, 26293
What are the prime factors of 765?
3, 5, 17
What are the prime factors of 320?
2, 5
List the prime factors of 9007.
9007
List the prime factors of 6949.
6949
List the prime factors of 21909.
3, 67, 109
What are the prime factors of 22231?
11, 43, 47
List the prime factors of 37017.
3, 457
List the prime factors of 4149.
3, 461
What are the prime factors of 35758?
2, 19, 941
What are the prime factors of 20966?
2, 11, 953
What are the prime factors of 3091?
11, 281
List the prime factors of 301.
7, 43
List the prime factors of 44360.
2, 5, 1109
What are the prime factors of 408?
2, 3, 17
List the prime factors of 510.
2, 3, 5, 17
List the prime factors of 25984.
2, 7, 29
List the prime factors of 10505.
5, 11, 191
List the prime factors of 6419.
7, 131
What are the prime factors of 5495?
5, 7, 157
What are the prime factors of 10745?
5, 7, 307
What are the prime factors of 6293?
7, 29, 31
What are the prime factors of 2658?
2, 3, 443
List the prime factors of 188818.
2, 7, 13487
What are the prime factors of 8119?
23, 353
List the prime factors of 63707.
7, 19, 479
What are the prime factors of 430?
2, 5, 43
List the prime factors of 1061.
1061
What are the prime factors of 7344?
2, 3, 17
List the prime factors of 119315.
5, 7, 487
What are the prime factors of 2762?
2, 1381
List the prime factors of 30907.
31, 997
List the prime factors of 1448.
2, 181
List the prime factors of 28046.
2, 37, 379
List the prime factors of 1514.
2, 757
What are the prime factors of 32403?
3, 7, 1543
What are the prime factors of 49092?
2, 3, 4091
List the prime factors of 397.
397
List the prime factors of 327.
3, 109
List the prime factors of 1485.
3, 5, 11
What are the prime factors of 7677?
3, 853
List the prime factors of 34183.
34183
What are the prime factors of 3282?
2, 3, 547
What are the prime factors of 63384?
2, 3, 19, 139
List the prime factors of 1094.
2, 547
What are the prime factors of 605?
5, 11
List the prime factors of 118081.
118081
What are the prime factors of 283?
283
What are the prime factors of 1784?
2, 223
List the prime factors of 706.
2, 353
List the prime factors of 13587.
3, 7, 647
List the prime factors of 7590.
2, 3, 5, 11, 23
What are the prime factors of 104391?
3, 7, 1657
What are the prime factors of 75008?
2, 293
What are the prime factors of 3225?
3, 5, 43
List the prime factors of 19314.
2, 3, 29, 37
List the prime factors of 27315.
3, 5, 607
List the prime factors of 1577.
19, 83
List the prime factors of 714.
2, 3, 7, 17
List the prime factors of 68743.
68743
List the prime factors of 63690.
2, 3, 5, 11, 193
What are the prime factors of 8111?
8111
List the prime factors of 9500.
2, 5, 19
What are the prime factors of 1807?
13, 139
What are the prime factors of 1184?
2, 37
What are the prime factors of 15054?
2, 3, 13, 193
List the prime factors of 65.
5, 13
What are the prime factors of 29211?
3, 7, 13, 107
What are the prime factors of 1518?
2, 3, 11, 23
What are the prime factors of 111331?
11, 29, 349
What are the prime factors of 44010?
2, 3, 5, 163
List the prime factors of 42235.
5, 8447
What are the prime factors of 3430?
2, 5, 7
What are the prime factors of 1309?
7, 11, 17
List the prime factors of 7907.
7907
What are the prime factors of 27159?
3, 11, 823
List the prime factors of 1777.
1777
List the prime factors of 75207.
3, 11, 43, 53
What are the prime factors of 1672?
2, 11, 19
List the prime factors of 23807.
7, 19, 179
What are the prime factors of 2147?
19, 113
What are the prime factors of 2812?
2, 19, 37
List the prime factors of 5376.
2, 3, 7
What are the prime factors of 2091?
3, 17, 41
List the prime factors of 93.
3, 31
List the prime factors of 254.
2, 127
What are the prime factors of 525?
3, 5, 7
What are the prime factors of 34935?
3, 5, 17, 137
What are the prime factors of 102899?
43, 2393
What are the prime factors of 118?
2, 59
List the prime factors of 976.
2, 61
List the prime factors of 12996.
2, 3, 19
List the prime factors of 30198.
2, 3, 7, 719
What are the prime factors of 847?
7, 11
What are the prime factors of 1375?
5, 11
List the prime factors of 29283.
3, 43, 227
List the prime factors of 1391.
13, 107
List the prime factors of 43345.
5, 8669
List the prime factors of 533.
13, 41
List the prime factors of 230.
2, 5, 23
What are the prime factors of 1776?
2, 3, 37
List the prime factors of 9786.
2, 3, 7, 233
List the prime factors of 1030.
2, 5, 103
What are the prime factors of 36210?
2, 3, 5, 17, 71
List the prime factors of 41625.
3, 5, 37
List the prime factors of 322.
2, 7, 23
List the prime factors of 9971.
13, 59
What are the prime factors of 2315?
5, 463
List the prime factors of 10845.
3, 5, 241
What are the prime factors of 3030?
2, 3, 5